{"id":321,"date":"2025-12-04T13:54:08","date_gmt":"2025-12-04T13:54:08","guid":{"rendered":"https:\/\/cic-podcast.de\/?post_type=portfolio&#038;p=321"},"modified":"2025-12-04T13:54:08","modified_gmt":"2025-12-04T13:54:08","slug":"139-mit-andreas-mehl-next-level-leadership-insights-eq-echte-entwicklung","status":"publish","type":"portfolio","link":"https:\/\/cic-podcast.de\/?portfolio=139-mit-andreas-mehl-next-level-leadership-insights-eq-echte-entwicklung","title":{"rendered":"#139 mit Andreas Mehl | Next Level Leadership: Insights, EQ &#038; echte Entwicklung"},"content":{"rendered":"\n<div style=\"height:100px\" aria-hidden=\"true\" class=\"wp-block-spacer\"><\/div>\n\n\n\n<figure class=\"wp-block-embed is-type-rich is-provider-spotify wp-block-embed-spotify wp-embed-aspect-21-9 wp-has-aspect-ratio\"><div class=\"wp-block-embed__wrapper\">\n<iframe title=\"Spotify Embed: #139 Next Level Leadership: Insights, EQ &amp; echte Entwicklung\" style=\"border-radius: 12px\" width=\"100%\" height=\"152\" frameborder=\"0\" allowfullscreen allow=\"autoplay; clipboard-write; encrypted-media; fullscreen; picture-in-picture\" loading=\"lazy\" src=\"https:\/\/open.spotify.com\/embed\/episode\/1leLmvaiC2ExQusFBjchKQ?si=795c7db7bed04d74&#038;utm_source=oembed\"><\/iframe>\n<\/div><\/figure>\n\n\n\n<figure class=\"wp-block-embed is-type-video is-provider-youtube wp-block-embed-youtube wp-embed-aspect-16-9 wp-has-aspect-ratio\"><div class=\"wp-block-embed__wrapper\">\n<iframe loading=\"lazy\" title=\"#139 Next Level Leadership: Insights, EQ &amp; echte Entwicklung\" width=\"1220\" height=\"686\" src=\"https:\/\/www.youtube.com\/embed\/jmakaD76SmA?feature=oembed\" frameborder=\"0\" allow=\"accelerometer; autoplay; clipboard-write; encrypted-media; gyroscope; picture-in-picture; web-share\" referrerpolicy=\"strict-origin-when-cross-origin\" allowfullscreen><\/iframe>\n<\/div><\/figure>\n\n\n\n<p>In der neuesten Adlerblick-Episode trifft Andreas Schmaler auf Andreas Mehl \u2013 und gemeinsam sprechen sie \u00fcber etwas, das erfolgreiche mittelst\u00e4ndische Unternehmen heute zunehmend auszeichnet: F\u00fchrung, die sich bewusst weiterentwickelt.<br>Also F\u00fchrung, die Menschen st\u00e4rkt und Unternehmen weiterbringt.<\/p>\n\n\n\n<p>Ein besonderer Schwerpunkt liegt dabei auf EQ \u2013 der emotionalen Intelligenz. Sie beschreibt die F\u00e4higkeit, sich selbst klar wahrzunehmen, Emotionen zu steuern und anderen mit echter Empathie zu begegnen. Genau diese Qualit\u00e4ten machen F\u00fchrung wirksam, vertrauensvoll und menschlich.<\/p>\n\n\n\n<p>Weitere Themen dieser Folge:<\/p>\n\n\n\n<ul class=\"wp-block-list\">\n<li>das gr\u00f6\u00dfte Update der INSIGHTS-Diagnostik seit ihrem Bestehen<\/li>\n\n\n\n<li>moderne Wege, F\u00fchrungspotenziale sichtbar und nutzbar zu machen<\/li>\n\n\n\n<li>Kompetenzmodelle, die Entwicklung erleichtern statt erschweren<\/li>\n\n\n\n<li>und die Frage, wie F\u00fchrung, Kultur und Organisationsentwicklung gemeinsam wachsen k\u00f6nnen<\/li>\n<\/ul>\n\n\n\n<p>Diese Episode l\u00e4dt dazu ein, F\u00fchrung neu \u2013 und vor allem menschlich \u2013 zu denken.<br>Mit vielen praktischen Impulsen, echter Erfahrung und den neuesten Entwicklungen aus der Diagnostik.<\/p>\n\n\n\n<p>Jetzt reinh\u00f6ren und inspirieren lassen.<\/p>\n\n\n\n<p><\/p>\n","protected":false},"excerpt":{"rendered":"<p>In der neuesten Adlerblick-Episode trifft Andreas Schmaler auf Andreas Mehl \u2013 und gemeinsam sprechen sie \u00fcber etwas, das erfolgreiche mittelst\u00e4ndische Unternehmen heute zunehmend auszeichnet: F\u00fchrung, die<span class=\"excerpt-hellip\"> [\u2026]<\/span><\/p>\n","protected":false},"author":3,"featured_media":231,"menu_order":0,"comment_status":"closed","ping_status":"closed","template":"","meta":[],"portfolio-types":[5],"class_list":["post-321","portfolio","type-portfolio","status-publish","has-post-thumbnail","hentry","portfolio-types-experten"],"_links":{"self":[{"href":"https:\/\/cic-podcast.de\/index.php?rest_route=\/wp\/v2\/portfolio\/321","targetHints":{"allow":["GET"]}}],"collection":[{"href":"https:\/\/cic-podcast.de\/index.php?rest_route=\/wp\/v2\/portfolio"}],"about":[{"href":"https:\/\/cic-podcast.de\/index.php?rest_route=\/wp\/v2\/types\/portfolio"}],"author":[{"embeddable":true,"href":"https:\/\/cic-podcast.de\/index.php?rest_route=\/wp\/v2\/users\/3"}],"replies":[{"embeddable":true,"href":"https:\/\/cic-podcast.de\/index.php?rest_route=%2Fwp%2Fv2%2Fcomments&post=321"}],"wp:featuredmedia":[{"embeddable":true,"href":"https:\/\/cic-podcast.de\/index.php?rest_route=\/wp\/v2\/media\/231"}],"wp:attachment":[{"href":"https:\/\/cic-podcast.de\/index.php?rest_route=%2Fwp%2Fv2%2Fmedia&parent=321"}],"wp:term":[{"taxonomy":"portfolio-types","embeddable":true,"href":"https:\/\/cic-podcast.de\/index.php?rest_route=%2Fwp%2Fv2%2Fportfolio-types&post=321"}],"curies":[{"name":"wp","href":"https:\/\/api.w.org\/{rel}","templated":true}]}}

<div style="height:100px" aria-hidden="true" class="wp-block-spacer"></div>



<figure class="wp-block-embed is-type-rich is-provider-spotify wp-block-embed-spotify wp-embed-aspect-21-9 wp-has-aspect-ratio"><div class="wp-block-embed__wrapper">
<iframe title="Spotify Embed: #139 Next Level Leadership: Insights, EQ &amp; echte Entwicklung" style="border-radius: 12px" width="100%" height="152" frameborder="0" allowfullscreen allow="autoplay; clipboard-write; encrypted-media; fullscreen; picture-in-picture" loading="lazy" src="https://open.spotify.com/embed/episode/1leLmvaiC2ExQusFBjchKQ?si=795c7db7bed04d74&#038;utm_source=oembed"></iframe>
</div></figure>



<figure class="wp-block-embed is-type-video is-provider-youtube wp-block-embed-youtube wp-embed-aspect-16-9 wp-has-aspect-ratio"><div class="wp-block-embed__wrapper">
<iframe loading="lazy" title="#139 Next Level Leadership: Insights, EQ &amp; echte Entwicklung" width="1220" height="686" src="https://www.youtube.com/embed/jmakaD76SmA?feature=oembed" frameborder="0" allow="accelerometer; autoplay; clipboard-write; encrypted-media; gyroscope; picture-in-picture; web-share" referrerpolicy="strict-origin-when-cross-origin" allowfullscreen></iframe>
</div></figure>



<p>In der neuesten Adlerblick-Episode trifft Andreas Schmaler auf Andreas Mehl – und gemeinsam sprechen sie über etwas, das erfolgreiche mittelständische Unternehmen heute zunehmend auszeichnet: Führung, die sich bewusst weiterentwickelt.<br>Also Führung, die Menschen stärkt und Unternehmen weiterbringt.</p>



<p>Ein besonderer Schwerpunkt liegt dabei auf EQ – der emotionalen Intelligenz. Sie beschreibt die Fähigkeit, sich selbst klar wahrzunehmen, Emotionen zu steuern und anderen mit echter Empathie zu begegnen. Genau diese Qualitäten machen Führung wirksam, vertrauensvoll und menschlich.</p>



<p>Weitere Themen dieser Folge:</p>



<ul class="wp-block-list">
<li>das größte Update der INSIGHTS-Diagnostik seit ihrem Bestehen</li>



<li>moderne Wege, Führungspotenziale sichtbar und nutzbar zu machen</li>



<li>Kompetenzmodelle, die Entwicklung erleichtern statt erschweren</li>



<li>und die Frage, wie Führung, Kultur und Organisationsentwicklung gemeinsam wachsen können</li>
</ul>



<p>Diese Episode lädt dazu ein, Führung neu – und vor allem menschlich – zu denken.<br>Mit vielen praktischen Impulsen, echter Erfahrung und den neuesten Entwicklungen aus der Diagnostik.</p>



<p>Jetzt reinhören und inspirieren lassen.</p>



<p></p>

<p>In der neuesten Adlerblick-Episode trifft Andreas Schmaler auf Andreas Mehl – und gemeinsam sprechen sie über etwas, das erfolgreiche mittelständische Unternehmen heute zunehmend auszeichnet: Führung, die<span class="excerpt-hellip"> […]</span></p>
