{"id":306,"date":"2025-11-20T13:55:14","date_gmt":"2025-11-20T13:55:14","guid":{"rendered":"https:\/\/cic-podcast.de\/?post_type=portfolio&#038;p=306"},"modified":"2025-11-20T13:55:15","modified_gmt":"2025-11-20T13:55:15","slug":"135-mit-ralph-goldschmidt-vernuenftig-ist-wie-tot-nur-vorher-fuehrung-wandel-in-der-neuen-arbeitswelt","status":"publish","type":"portfolio","link":"https:\/\/cic-podcast.de\/?portfolio=135-mit-ralph-goldschmidt-vernuenftig-ist-wie-tot-nur-vorher-fuehrung-wandel-in-der-neuen-arbeitswelt","title":{"rendered":"#137 mit Ralph Goldschmidt | \u201eVern\u00fcnftig ist wie tot \u2013 nur vorher\u201c F\u00fchrung &#038; Wandel in der neuen Arbeitswelt"},"content":{"rendered":"\n<div style=\"height:100px\" aria-hidden=\"true\" class=\"wp-block-spacer\"><\/div>\n\n\n\n<figure class=\"wp-block-embed is-type-rich is-provider-spotify wp-block-embed-spotify wp-embed-aspect-21-9 wp-has-aspect-ratio\"><div class=\"wp-block-embed__wrapper\">\n<iframe title=\"Spotify Embed: #137 Vern\u00fcnftig ist wie tot - nur vorher | F\u00fchrung und Wandel in der neuen Arbeitswelt\" style=\"border-radius: 12px\" width=\"100%\" height=\"152\" frameborder=\"0\" allowfullscreen allow=\"autoplay; clipboard-write; encrypted-media; fullscreen; picture-in-picture\" loading=\"lazy\" src=\"https:\/\/open.spotify.com\/embed\/episode\/2R93mkUpnnnfLB0Z7swrx3?si=d559866bbbc54fbd&#038;utm_source=oembed\"><\/iframe>\n<\/div><\/figure>\n\n\n\n<figure class=\"wp-block-embed is-type-video is-provider-youtube wp-block-embed-youtube wp-embed-aspect-16-9 wp-has-aspect-ratio\"><div class=\"wp-block-embed__wrapper\">\n<iframe loading=\"lazy\" title=\"#137 \u201eVern\u00fcnftig ist wie tot \u2013 nur vorher\u201c | F\u00fchrung &amp; Wandel in der neuen Arbeitswelt\" width=\"1220\" height=\"686\" src=\"https:\/\/www.youtube.com\/embed\/BdbfNPlPBg0?feature=oembed\" frameborder=\"0\" allow=\"accelerometer; autoplay; clipboard-write; encrypted-media; gyroscope; picture-in-picture; web-share\" referrerpolicy=\"strict-origin-when-cross-origin\" allowfullscreen><\/iframe>\n<\/div><\/figure>\n\n\n\n<p>In dieser Episode spricht Host <strong>Andreas Schmaler<\/strong> mit <strong>Ralph Goldschmidt<\/strong> \u00fcber Mut, Ver\u00e4nderung und moderne F\u00fchrung. Ausgehend von Ralphs eigener Lebensentscheidung \u2013 weg vom sicheren Weg, hin zu einem selbstbestimmten Leben \u2013 geht es darum, warum Unternehmen heute in der <strong>VUKA-Welt<\/strong> v\u00f6llig anders denken m\u00fcssen \u2013 und ganz nebenbei, was \u201eVUKA-Welt\u201c \u00fcberhaupt bedeutet.<\/p>\n\n\n\n<p>Klar wird: Klassische Hierarchien sind zu langsam. F\u00fchrung braucht heute weniger Silos, mehr Verantwortung im Team und eine Haltung von \u201e<em>Serve and Leadership\u201c<\/em>. Ein entscheidender Erfolgsfaktor dabei: <strong>psychologische Sicherheit<\/strong> \u2013 die Basis f\u00fcr Offenheit, kritische Fragen und echte Team-(Hoch-)Leistung.<\/p>\n\n\n\n<p>Ralph Goldschmidt zeigt zudem, wie Egos in F\u00fchrungsetagen Wandel behindern und warum Unternehmen die versteckten Talente ihrer Mitarbeiter viel st\u00e4rker suchen, erkennen und nutzen sollten. Mit dabei: praktische Impulse wie die Frage f\u00fcrs Bewerbungsgespr\u00e4ch, die sofort sichtbar macht, wie ein Bewerber tickt.<\/p>\n\n\n\n<p><strong>Eine kompakte, inspirierende Folge f\u00fcr Unternehmer und F\u00fchrungskr\u00e4fte, die Ver\u00e4nderungen aktiv gestalten wollen.<\/strong><\/p>\n","protected":false},"excerpt":{"rendered":"<p>In dieser Episode spricht Host Andreas Schmaler mit Ralph Goldschmidt \u00fcber Mut, Ver\u00e4nderung und moderne F\u00fchrung. Ausgehend von Ralphs eigener Lebensentscheidung \u2013 weg vom sicheren Weg,<span class=\"excerpt-hellip\"> [\u2026]<\/span><\/p>\n","protected":false},"author":3,"featured_media":231,"menu_order":0,"comment_status":"closed","ping_status":"closed","template":"","meta":[],"portfolio-types":[5],"class_list":["post-306","portfolio","type-portfolio","status-publish","has-post-thumbnail","hentry","portfolio-types-experten"],"_links":{"self":[{"href":"https:\/\/cic-podcast.de\/index.php?rest_route=\/wp\/v2\/portfolio\/306","targetHints":{"allow":["GET"]}}],"collection":[{"href":"https:\/\/cic-podcast.de\/index.php?rest_route=\/wp\/v2\/portfolio"}],"about":[{"href":"https:\/\/cic-podcast.de\/index.php?rest_route=\/wp\/v2\/types\/portfolio"}],"author":[{"embeddable":true,"href":"https:\/\/cic-podcast.de\/index.php?rest_route=\/wp\/v2\/users\/3"}],"replies":[{"embeddable":true,"href":"https:\/\/cic-podcast.de\/index.php?rest_route=%2Fwp%2Fv2%2Fcomments&post=306"}],"wp:featuredmedia":[{"embeddable":true,"href":"https:\/\/cic-podcast.de\/index.php?rest_route=\/wp\/v2\/media\/231"}],"wp:attachment":[{"href":"https:\/\/cic-podcast.de\/index.php?rest_route=%2Fwp%2Fv2%2Fmedia&parent=306"}],"wp:term":[{"taxonomy":"portfolio-types","embeddable":true,"href":"https:\/\/cic-podcast.de\/index.php?rest_route=%2Fwp%2Fv2%2Fportfolio-types&post=306"}],"curies":[{"name":"wp","href":"https:\/\/api.w.org\/{rel}","templated":true}]}}

#137 mit Ralph Goldschmidt | „Vernünftig ist wie tot – nur vorher“ Führung &#038; Wandel in der neuen Arbeitswelt

<div style="height:100px" aria-hidden="true" class="wp-block-spacer"></div>



<figure class="wp-block-embed is-type-rich is-provider-spotify wp-block-embed-spotify wp-embed-aspect-21-9 wp-has-aspect-ratio"><div class="wp-block-embed__wrapper">
<iframe title="Spotify Embed: #137 Vernünftig ist wie tot - nur vorher | Führung und Wandel in der neuen Arbeitswelt" style="border-radius: 12px" width="100%" height="152" frameborder="0" allowfullscreen allow="autoplay; clipboard-write; encrypted-media; fullscreen; picture-in-picture" loading="lazy" src="https://open.spotify.com/embed/episode/2R93mkUpnnnfLB0Z7swrx3?si=d559866bbbc54fbd&#038;utm_source=oembed"></iframe>
</div></figure>



<figure class="wp-block-embed is-type-video is-provider-youtube wp-block-embed-youtube wp-embed-aspect-16-9 wp-has-aspect-ratio"><div class="wp-block-embed__wrapper">
<iframe loading="lazy" title="#137 „Vernünftig ist wie tot – nur vorher“ | Führung &amp; Wandel in der neuen Arbeitswelt" width="1220" height="686" src="https://www.youtube.com/embed/BdbfNPlPBg0?feature=oembed" frameborder="0" allow="accelerometer; autoplay; clipboard-write; encrypted-media; gyroscope; picture-in-picture; web-share" referrerpolicy="strict-origin-when-cross-origin" allowfullscreen></iframe>
</div></figure>



<p>In dieser Episode spricht Host <strong>Andreas Schmaler</strong> mit <strong>Ralph Goldschmidt</strong> über Mut, Veränderung und moderne Führung. Ausgehend von Ralphs eigener Lebensentscheidung – weg vom sicheren Weg, hin zu einem selbstbestimmten Leben – geht es darum, warum Unternehmen heute in der <strong>VUKA-Welt</strong> völlig anders denken müssen – und ganz nebenbei, was „VUKA-Welt“ überhaupt bedeutet.</p>



<p>Klar wird: Klassische Hierarchien sind zu langsam. Führung braucht heute weniger Silos, mehr Verantwortung im Team und eine Haltung von „<em>Serve and Leadership“</em>. Ein entscheidender Erfolgsfaktor dabei: <strong>psychologische Sicherheit</strong> – die Basis für Offenheit, kritische Fragen und echte Team-(Hoch-)Leistung.</p>



<p>Ralph Goldschmidt zeigt zudem, wie Egos in Führungsetagen Wandel behindern und warum Unternehmen die versteckten Talente ihrer Mitarbeiter viel stärker suchen, erkennen und nutzen sollten. Mit dabei: praktische Impulse wie die Frage fürs Bewerbungsgespräch, die sofort sichtbar macht, wie ein Bewerber tickt.</p>



<p><strong>Eine kompakte, inspirierende Folge für Unternehmer und Führungskräfte, die Veränderungen aktiv gestalten wollen.</strong></p>

<p>In dieser Episode spricht Host Andreas Schmaler mit Ralph Goldschmidt über Mut, Veränderung und moderne Führung. Ausgehend von Ralphs eigener Lebensentscheidung – weg vom sicheren Weg,<span class="excerpt-hellip"> […]</span></p>
