{"id":202,"date":"2025-06-11T10:19:00","date_gmt":"2025-06-11T10:19:00","guid":{"rendered":"https:\/\/cic-podcast.de\/?post_type=portfolio&#038;p=202"},"modified":"2025-10-17T12:29:26","modified_gmt":"2025-10-17T12:29:26","slug":"131-auf-was-es-wirklich-ankommt","status":"publish","type":"portfolio","link":"https:\/\/cic-podcast.de\/?portfolio=131-auf-was-es-wirklich-ankommt","title":{"rendered":"#131 Auf was es wirklich ankommt!"},"content":{"rendered":"\n<div style=\"height:100px\" aria-hidden=\"true\" class=\"wp-block-spacer\"><\/div>\n\n\n\n<figure class=\"wp-block-embed is-type-rich is-provider-spotify wp-block-embed-spotify wp-embed-aspect-21-9 wp-has-aspect-ratio\"><div class=\"wp-block-embed__wrapper\">\n<iframe title=\"Spotify Embed: #131 Auf was es wirklich ankommt!\" style=\"border-radius: 12px\" width=\"100%\" height=\"152\" frameborder=\"0\" allowfullscreen allow=\"autoplay; clipboard-write; encrypted-media; fullscreen; picture-in-picture\" loading=\"lazy\" src=\"https:\/\/open.spotify.com\/embed\/episode\/20IAXRSMKU8ZK9JXZTbStq?utm_source=oembed\"><\/iframe>\n<\/div><\/figure>\n\n\n\n<figure class=\"wp-block-embed is-type-video is-provider-youtube wp-block-embed-youtube wp-embed-aspect-16-9 wp-has-aspect-ratio\"><div class=\"wp-block-embed__wrapper\">\n<iframe loading=\"lazy\" title=\"#100 Jeder kann was bewegen - Adlerblick\" width=\"1220\" height=\"686\" src=\"https:\/\/www.youtube.com\/embed\/qU_wv69Z7cI?feature=oembed\" frameborder=\"0\" allow=\"accelerometer; autoplay; clipboard-write; encrypted-media; gyroscope; picture-in-picture; web-share\" referrerpolicy=\"strict-origin-when-cross-origin\" allowfullscreen><\/iframe>\n<\/div><\/figure>\n\n\n\n<div style=\"height:100px\" aria-hidden=\"true\" class=\"wp-block-spacer\"><\/div>\n\n\n\n<p>In dieser Adlerblick Sonderausgabe nimmt Sie Andreas mit hinter die Kulissen seiner letzten Woche \u2013 inklusive eines besonderen Events: dem 50-j\u00e4hrigen Jubil\u00e4um des BVMW in M\u00fcnchen. Im Mittelpunkt standen dort zentrale Zukunftsfragen f\u00fcr den Mittelstand: K\u00fcnstliche Intelligenz, Nachhaltigkeit und die aktuellen wirtschaftlichen Rahmenbedingungen. Doch was n\u00fctzt all das \u2013 von Digitalisierung bis Klimastrategie \u2013 wenn Mitarbeitende und F\u00fchrungskr\u00e4fte nicht performen? Andreas stellt eine unbequeme, aber entscheidende Frage: Warum ist Deutschland weltweit Spitzenreiter bei den Krankentagen? Was passiert, wenn Unternehmen \u00fcber Technik und Prozesse reden \u2013 aber nicht \u00fcber Haltung, Motivation und Kultur? Worauf sollten wir als Unternehmer:innen und Entscheider:innen wirklich den Fokus legen? Diese Sonderausgabe liefert Klartext, Denkanst\u00f6\u00dfe und unbequeme Wahrheiten.<\/p>\n\n\n\n<p><\/p>\n","protected":false},"excerpt":{"rendered":"<p>In dieser Adlerblick Sonderausgabe nimmt Sie Andreas mit hinter die Kulissen seiner letzten Woche \u2013 inklusive eines besonderen Events: dem 50-j\u00e4hrigen Jubil\u00e4um des BVMW in M\u00fcnchen.<span class=\"excerpt-hellip\"> [\u2026]<\/span><\/p>\n","protected":false},"author":3,"featured_media":231,"menu_order":0,"comment_status":"closed","ping_status":"closed","template":"","meta":[],"portfolio-types":[5],"class_list":["post-202","portfolio","type-portfolio","status-publish","has-post-thumbnail","hentry","portfolio-types-experten"],"_links":{"self":[{"href":"https:\/\/cic-podcast.de\/index.php?rest_route=\/wp\/v2\/portfolio\/202","targetHints":{"allow":["GET"]}}],"collection":[{"href":"https:\/\/cic-podcast.de\/index.php?rest_route=\/wp\/v2\/portfolio"}],"about":[{"href":"https:\/\/cic-podcast.de\/index.php?rest_route=\/wp\/v2\/types\/portfolio"}],"author":[{"embeddable":true,"href":"https:\/\/cic-podcast.de\/index.php?rest_route=\/wp\/v2\/users\/3"}],"replies":[{"embeddable":true,"href":"https:\/\/cic-podcast.de\/index.php?rest_route=%2Fwp%2Fv2%2Fcomments&post=202"}],"wp:featuredmedia":[{"embeddable":true,"href":"https:\/\/cic-podcast.de\/index.php?rest_route=\/wp\/v2\/media\/231"}],"wp:attachment":[{"href":"https:\/\/cic-podcast.de\/index.php?rest_route=%2Fwp%2Fv2%2Fmedia&parent=202"}],"wp:term":[{"taxonomy":"portfolio-types","embeddable":true,"href":"https:\/\/cic-podcast.de\/index.php?rest_route=%2Fwp%2Fv2%2Fportfolio-types&post=202"}],"curies":[{"name":"wp","href":"https:\/\/api.w.org\/{rel}","templated":true}]}}

<div style="height:100px" aria-hidden="true" class="wp-block-spacer"></div>



<figure class="wp-block-embed is-type-rich is-provider-spotify wp-block-embed-spotify wp-embed-aspect-21-9 wp-has-aspect-ratio"><div class="wp-block-embed__wrapper">
<iframe title="Spotify Embed: #131 Auf was es wirklich ankommt!" style="border-radius: 12px" width="100%" height="152" frameborder="0" allowfullscreen allow="autoplay; clipboard-write; encrypted-media; fullscreen; picture-in-picture" loading="lazy" src="https://open.spotify.com/embed/episode/20IAXRSMKU8ZK9JXZTbStq?utm_source=oembed"></iframe>
</div></figure>



<figure class="wp-block-embed is-type-video is-provider-youtube wp-block-embed-youtube wp-embed-aspect-16-9 wp-has-aspect-ratio"><div class="wp-block-embed__wrapper">
<iframe loading="lazy" title="#100 Jeder kann was bewegen - Adlerblick" width="1220" height="686" src="https://www.youtube.com/embed/qU_wv69Z7cI?feature=oembed" frameborder="0" allow="accelerometer; autoplay; clipboard-write; encrypted-media; gyroscope; picture-in-picture; web-share" referrerpolicy="strict-origin-when-cross-origin" allowfullscreen></iframe>
</div></figure>



<div style="height:100px" aria-hidden="true" class="wp-block-spacer"></div>



<p>In dieser Adlerblick Sonderausgabe nimmt Sie Andreas mit hinter die Kulissen seiner letzten Woche – inklusive eines besonderen Events: dem 50-jährigen Jubiläum des BVMW in München. Im Mittelpunkt standen dort zentrale Zukunftsfragen für den Mittelstand: Künstliche Intelligenz, Nachhaltigkeit und die aktuellen wirtschaftlichen Rahmenbedingungen. Doch was nützt all das – von Digitalisierung bis Klimastrategie – wenn Mitarbeitende und Führungskräfte nicht performen? Andreas stellt eine unbequeme, aber entscheidende Frage: Warum ist Deutschland weltweit Spitzenreiter bei den Krankentagen? Was passiert, wenn Unternehmen über Technik und Prozesse reden – aber nicht über Haltung, Motivation und Kultur? Worauf sollten wir als Unternehmer:innen und Entscheider:innen wirklich den Fokus legen? Diese Sonderausgabe liefert Klartext, Denkanstöße und unbequeme Wahrheiten.</p>



<p></p>

<p>In dieser Adlerblick Sonderausgabe nimmt Sie Andreas mit hinter die Kulissen seiner letzten Woche – inklusive eines besonderen Events: dem 50-jährigen Jubiläum des BVMW in München.<span class="excerpt-hellip"> […]</span></p>
